 - -1452. Let r(t) = 7*t**2 + 14*t + 13. Let s(i) = z*r(i) + 6*a(i). Give s(-5).
8
Let z be (-39)/1209*(-81 - -50). Let w(x) be the first derivative of 3*x**3 - x**2/2 + x + 1. Give w(z).
9
Let f(z) = z**3 - 152*z**2 + 320*z - 2992. Let u be f(150). Let d(m) = -8 + m - 2*m + 0*m. Give d(u).
-16
Let t(k) = 201 - 39 - 41 - 40 - 43 - 9*k - 42. Let r(p) = p**2 - p - 4. Let o be r(0). Determine t(o).
32
Let r = 3211 + -3208. Let i(m) = -m**3 + 4*m**2 - 3*m + 9. Determine i(r).
9
Suppose 1 + 1 = 2*x. Let g(t) = 7 + 2*t**2 - 48*t**3 - 20 + 12 + 33*t**3. Determine g(x).
-14
Let r(m) = 3*m**2 + m. Let g = 90 - 98. Let u be 0 + 4 + g + 5. Determine r(u).
4
Suppose -79*t + 254 = -115*t + 218. Let q(b) = -2 + 3 - 5*b - 6*b. Give q(t).
12
Let v(d) be the third derivative of -d**4/12 - d**3/2 + 4302*d**2. Give v(-3).
3
Let b = -15563 + 15554. Let x(c) = -c - 2. Let g(k) = 2*k + 3. Let p(o) = -2*g(o) - 5*x(o). What is p(b)?
-5
Let i(w) be the third derivative of -2*w**2 + 1/24*w**4 - 1/3*w**3 + 1 + 0*w. Give i(-5).
-7
Let l(f) = f**3 - 7*f**2 - 2*f - 7. Suppose -130*j + 49*j + 324 = 0. Calculate l(j).
-63
Let t = -11325 + 11319. Let m(i) = 2*i**2 + 16*i + 11. Calculate m(t).
-13
Let j(f) be the third derivative of -f**7/840 - f**6/360 + f**5/40 - 17*f**3 - 54*f**2. Let y(k) be the first derivative of j(k). What is y(-3)?
9
Let m(s) = 51*s - 104*s - 6 + 54*s. Let o(c) = -c**3 - 7*c**2 - 7*c - 5. Let f be o(-6). Let h be (f - -3) + 6/2. Determine m(h).
1
Let g(b) = -b + 9*b - 29894 + 29941. Calculate g(-4).
15
Let f(u) = -718 - 3*u + u + 720 + 11*u - u**2. Let k be (1 + 35/(-42))*42. Determine f(k).
16
Let w be (-2 - 0)/((-14)/35). Suppose -2*q - 3*q = 5*o, w*q + 3*o = -4. Let f(t) = t**3 - 2*t**2 - t - 2. Give f(q).
-16
Let d(o) = 172*o**2 + 32*o + 79. Let c(t) = -123*t**2 - 21*t - 53. Let b(p) = -7*c(p) - 5*d(p). Calculate b(15).
6
Let m be 20 - (0 - -4) - 3. Let v(t) = 19*t - 31. Let o(y) = -9*y + 14. Let x(u) = m*o(u) + 6*v(u). Suppose -h + 2 = -3, -4*s = 5*h - 5. What is x(s)?
11
Let i(b) = b**2 - 33*b + 104. Let c be i(30). Let o(y) = -3 - c*y - 3 + 12 - 2. Give o(3).
-38
Let s be (-2 - -4)*((-57)/6 + -1). Let o = s + 22. Let f(l) = 3 + 170*l + 3 - 7 - 173*l. What is f(o)?
-4
Suppose -63 = -7*b + 16*b. Let y be (b + 7 - -1)*17. Let m(u) = -u**2 + 18*u - 17. Give m(y).
0
Let x(i) = 6*i - 5. Let z = 6079 - 6083. What is x(z)?
-29
Let z = -36 + 40. Let h(p) = -p**3 + z*p**2 - 5*p**2 - 7*p + 8*p + 1. Let q(b) = 2*b**3 + b**2 - b. Let v(s) = -h(s) - q(s). What is v(-2)?
7
Let i(d) be the second derivative of -d**5/20 - 5*d**4/12 + d**3 + 3*d**2/2 + 43*d. Suppose 12*t + 18 = 9*t. What is i(t)?
3
Let g(l) = l**2 + 8. Let n(p) = 12*p**2 + 40*p - 274. Let c(k) = 13*g(k) - n(k). Calculate c(25).
3
Let s be (518/(-296))/(2/8). Let t(h) = -2*h**2 + 5*h**3 + 0 + 6*h**2 + 4. Let r(f) = 6*f**3 + 5*f**2 + 5. Let v(i) = s*t(i) + 6*r(i). Calculate v(-2).
2
Let z be 4/6*(-2 + -1). Let b(r) be the third derivative of r**6/60 + r**5/30 + r**4/24 + r**3/3 - 2962*r**2. What is b(z)?
-8
Let m(i) = 2*i - 62. Let s be (-42)/(8/(-16)*4). Determine m(s).
-20
Let p = -5963 - -5967. Let m(u) = 7*u - 14. Determine m(p).
14
Suppose 0 = 6*k - 4*k - 20. Let n(u) = -3*u**2 + u**3 + k*u**2 + u + 4 + 0*u**3. Let y = 6030 - 6037. Determine n(y).
-3
Let u(a) = 5*a - 101 - 112 + 403 - 100 - 107. What is u(4)?
3
Let g(c) = -3*c + 33. Suppose 0 = i + 8*m - 2*m - 24, -2*i = -4*m + 32. What is g(i)?
51
Let c(d) = 23*d + 200. Let p(n) = -115*n - 1100. Let w(i) = 11*c(i) + 2*p(i). Calculate w(-2).
-46
Suppose 2*o + 5*g - 336 = 0, 15*o + 2*g = 13*o + 342. Let q = -171 + o. Let s(f) be the third derivative of f**4/6 - f**3/3 - f**2. Determine s(q).
6
Let j(y) = y**3 - 28*y**2 - 49*y - 6. Let u(r) = 4*r**2 + 8*r + 2. Let n(f) = -j(f) - 6*u(f). Let l be 32/6 - 1/3. What is n(l)?
-26
Suppose -m + 68*w = 67*w + 2, -26 = -5*m - w. Let o(z) = -21*z + 9. Calculate o(m).
-75
Suppose 38 = -5*h + 8. Let k(y) = -11*y. Let u(s) = -10*s - 1. Let t(p) = -5*k(p) + 6*u(p). Calculate t(h).
24
Suppose 0 = -3*r + 3*t + 3, -4*r - 2 = -6*r - 4*t. Let k be 6849/13 + (-4)/(-26). Let h(v) = -526 - v - 4*v**3 - 20*v**3 + k. Calculate h(r).
-24
Let y(l) = l - 3. Suppose 35 = 4*c + 23. Suppose -5*q = 7*a - 3*a, c*q - 12 = 0. Determine y(a).
-8
Let d(t) be the second derivative of -43 + t + 2*t**2 + 1/3*t**3. Let x be (4 - 2)*7/(-2). Determine d(x).
-10
Let m(k) = 261*k**3 - k**2 + 1. Let f be m(1). Let v = 260 - f. Let d(s) be the first derivative of 11*s**2/2 + s + 2. What is d(v)?
-10
Let o(z) = -23*z**2 + 9*z**2 + 16 + 12*z**2 - z**3 + 9*z**2. What is o(7)?
16
Suppose 0 = -4*t + 2*i + 12, i - 6 = -5*t + 3*t. Let k(a) = -2 + 4 + 2*a - t*a. Suppose -91*l + 3306 = 4034. What is k(l)?
10
Suppose -2*q + 8 + 6 = 2*k, q + 4*k = 13. Let x(b) be the third derivative of b**5/60 - b**4/6 - 4*b**3/3 - b**2 + 2*b - 236. What is x(q)?
-3
Suppose 36 = -d + 2*f - 28, f + 73 = -d. Let l = d + 103. Let m = l + -32. Let x(i) = -10*i**2 - i. Give x(m).
-11
Let a(s) = -3*s**2 - 98*s - 163. Let l be a(-31). Let g(i) = -i**3 - 7*i**2 + 7*i - 10. Determine g(l).
-2
Let l = 6 - -4. Let q(y) be the second derivative of -y**4/12 + 3*y**3/2 - y**2/2 - 97*y - 78. Give q(l).
-11
Let c(y) = -137*y + 2078. Let u be c(15). Let t(h) = h**3 - 21*h**2 - 46*h - 25. Give t(u).
-25
Let v = 14597 + -14606. Let l(z) = -z**3 - 8*z**2 + 5*z - 33. What is l(v)?
3
Let j(h) = -7*h - 11. Let w(i) = -5*i - 10. Let y be (-15)/(-18) + 3 - 1/(-6). Let o(n) = y*w(n) - 3*j(n). Calculate o(9).
2
Let n(f) = -10 - 2*f**2 + 108*f + 3*f**2 - 2*f**2 - 101*f. Suppose 13*v = -28 + 106. Give n(v).
-4
Let f be (1 - 0) + 14 + -14. Let x(y) be the second derivative of 7/6*y**4 + 15*y + 0 - 1/3*y**3 + 1/2*y**2. Calculate x(f).
13
Let s = 3 - 3. Let q(t) = s*t**2 + 7*t**3 + 0*t**3 + 5 + 2*t - 4*t**2 - 8*t**3. Let r be 1 - (-13 - -3)/(-2). What is q(r)?
-3
Let m(h) = 11*h**2 - h + 9. Let l(c) = c + 2. Let f(g) = 3*g**2 + 4*g + 9. Let k(n) = f(n) - 4*l(n). Let r(w) = -4*k(w) + m(w). Give r(0).
5
Let h be (-4)/(16/(-15))*(364/39)/14. Let m(d) be the first derivative of 4*d - h*d**2 + 18. Calculate m(3).
-11
Let t be 2/3 + (-80)/(-6). Let i(m) = -m**2 - 122*m - 352. Let k be i(-3). Let h(w) = 4*w + k*w + 2 - t*w + 4*w. Determine h(4).
-2
Let x(f) = -99*f**3 + 3*f**2 - 19*f - 8. Let v(u) = -66*u**3 + 2*u**2 - 12*u - 5. Let c(z) = 8*v(z) - 5*x(z). Give c(1).
-33
Let h(q) = 5*q + 4. Let v(c) = -22*c - 18. Let k(o) = -9*h(o) - 2*v(o). Let j(x) = 21*x + 3. Let d(y) = j(y) + 4*k(y). Determine d(-2).
-31
Let m = -5141 - -5130. Let a(r) = r**2 + 9*r - 28. Give a(m).
-6
Let a(s) = s. Let v(k) = 3*k + 17. Let q(y) = 2*y + 7. Let m(w) = -5*q(w) + 2*v(w). Let c(z) = 5*a(z) + m(z). Determine c(4).
3
Suppose -144 = -5*k - 104. Let d(p) = p + 1. Let c(u) = u**3 - 6*u**2 - 10*u - 2. Let x(o) = -c(o) + d(o). Give x(k).
-37
Let d(x) = 3303*x - 6612*x - 21 + 3311*x. Calculate d(5).
-11
Suppose -4*p - 18 = -3*n - 6, 3*n = 5*p + 12. Suppose n*q - 8 = -0. Let w(j) = -21 - j**3 - 4*j**q - 3*j + 7 + 17. Calculate w(-3).
3
Let l(q) = -q**3 + 7*q**2 - 10*q + 9. Let w(t) = -2*t - 4. Let u = 217 + -222. Let s be w(u). Give l(s).
-15
Let g(r) = 4*r - 2. Let d = 25 - 28. Let l be d - (2 - (15 + -2)). Let n be (-6)/1*((-36)/l + 4). Calculate g(n).
10
Let u(t) = t**3 + t**2 + t - 1. Suppose 23*r + 17 = 6*r. Let v(b) = -7*b**3 - 15*b**2 + 5*b. Let m(i) = r*v(i) - 6*u(i). Determine m(-10).
16
Suppose 0*h = -4*t - 5*h - 69, 3*t = -4*h - 53. Let i(s) = -32*s + 15 - s**2 + 2*s + 4*s + 14*s + 2*s. Calculate i(t).
4
Let h(c) = -60 - 36*c + 16 - 25*c + 2*c**2 + 5*c + 10*c. Give h(24).
4
Let m(y) be the second derivative of -y**6/90 + y**5/120 - 5*y**4/4 - 2*y**3/3 + 9*y. Let l(i) be the third derivative of m(i). Calculate l(1).
-7
Let m(x) = x**2 + 5*x - 2. Let p(v) = -4*v**2 - 27*v + 6. Let h(q) = 5*m(q) + p(q). Suppose -y + 5*j - 2 = 0, 0 = -4*y + j + 16 - 5. Determine h(y).
-1
Suppose 12*a = 17*a - 15. Let d be 49/14*10/7. Let v(u) = 5*u + d*u - 10*u + 3*u - 4. Determine v(a).
5
Let b(n) = -194 - n + 5*n - 2*n + 2*n + 195. What is b(4)?
17
Let z = 22 - 41. Let r(o) = -o**3 - 19*o**2 - o - 12. What is r(z)?
7
Suppose -14 = -2*f - 5*f. Let h(q) = 36 + q**f + q - 36 + q. Suppose -2*r + 3*g + 11 - 17 = 0, 3 = -r - 3*g. What is h(